{"version":"1.0","provider_name":"\u0170rtelens\u00e9gek","provider_url":"https:\/\/urtelen.cafeblog.hu","author_name":"hellomoncsi","author_url":"https:\/\/urtelen.cafeblog.hu\/author\/hellomoncsi\/","title":"Bagimajor - M\u00e1zsah\u00e1z","html":"<p>(A kateg\u00f3ri\u00e1k k\u00f6z\u00fcl a \"menthetetlenek\" k\u00f6z\u00e9 soroltam... de \u00e9n ezt az\u00e9rt m\u00e9g megk\u00e9rd\u0151jelezn\u00e9m...)<\/p>\r\n<p>\"Mint a neve is mutatja, ez a piciny telep\u00fcl\u00e9s az egykori majors\u00e1gb\u00f3l alakult ki, melynek \u2013 a hozz\u00e1 tartoz\u00f3 birtokkal egy\u00fctt \u2013 tulajdonosa Sz\u00e9cs\u00e9nyi Baghy Gyula \u00e9s csal\u00e1dja volt, kb. a sz\u00e1zadfordul\u00f3t\u00f3l a m\u00e1sodik vil\u00e1gh\u00e1bor\u00faig.\"<\/p>\r\n<p>\"Bagimajor mai h\u00e1zai k\u00f6z\u00fcl, j\u00f3 n\u00e9h\u00e1ny, az egykori uradalom kast\u00e9ly\u00e1nak \u00e9s egy\u00e9b \u00e9p\u00fcleteinek bontott anyag\u00e1t is mag\u00e1ban foglalja. Az egykori majors\u00e1g m\u00e9g viszonylag \u00e9pen maradt \u00e9p\u00fcletei a k\u00f6vetkez\u0151k: a nemr\u00e9giben fel\u00faj\u00edtott sz\u00e9lmalom, a r\u00e9szben fel\u00faj\u00edtott sz\u00e1mtart\u00f3i lak\u00e1s \u00e9s k\u00e9s\u0151bbi iskola \u00e9p\u00fclete, a sz\u00e9pen fel\u00faj\u00edtott \u2013 mag\u00e1nk\u00e9zben l\u00e9v\u0151 \u2013 magt\u00e1r, az omladoz\u00f3, egykori m\u00e1zsah\u00e1z \u00e9s a szint\u00e9n r\u00e9szben fel\u00faj\u00edtott Szt. Imre k\u00e1polna, mely mag\u00e1ban foglalja a Baghy csal\u00e1d temetkez\u00e9si kript\u00e1j\u00e1t is.\" (Az id\u00e9zetek\u00a0<a href=\"https:\/\/kengyelinfo.blogspot.com\/2011\/02\/baghy-v-bagimajor.html\">innen<\/a> sz\u00e1rmaznak. Term\u00e9szetesen az \u00edr\u00e1s - mely 2011-es - teljes eg\u00e9sz\u00e9ben igen \u00e9rdekes, k\u00f6vetkez\u0151 bejegyz\u00e9seimben szint\u00e9n haszn\u00e1lok fel r\u00e9szleteket bel\u0151le ;) )<\/p>\r\n<p>Egy 2015-\u00f6s <a href=\"http:\/\/iszolnok.hu\/2015\/04\/08\/a-szel-ellen-is-megvedik-bagimajor-szelmalmat\/\">cikk<\/a> az egykori m\u00e1zsah\u00e1zat m\u00e1r \u00edgy eml\u00edti meg: \"Ugyanott \u00e1ll egy omladoz\u00f3, valaha m\u00e1zsah\u00e1zk\u00e9nt szolg\u00e1l\u00f3 \u00e9p\u00fclet, aminek a hely\u00e9re boltot \u00e9p\u00edten\u00e9nek a helyi term\u00e9kek sz\u00e1m\u00e1ra.\"<\/p>\r\n<p>A kis \u00e9p\u00fcletet 2016 \u00e1prilis\u00e1ban fot\u00f3ztuk k\u00f6rbe (ezek a k\u00e9pek a bejegyz\u00e9sem v\u00e9g\u00e9re ker\u00fcltek), akkor m\u00e9g csup\u00e1n \u00e9rdekes-\u0171rtelen mivolta miatt.<\/p>\r\n<p>Id\u00e9n n\u00e9ztem jobban ut\u00e1na a h\u00e1tter\u00e9nek, k\u00e9t napja pedig ism\u00e9t megl\u00e1togattuk a h\u00e1zik\u00f3t, hogy szebb fot\u00f3kat k\u00e9sz\u00edthess\u00fcnk (ne csak telefonnal ;) ).\u00a0<\/p>\r\n<p><img class=\"aligncenter wp-image-578 size-large\" src=\"https:\/\/urtelen.cafeblog.hu\/files\/2018\/06\/IMG_1139-600x450.jpg\" alt=\"\" width=\"600\" height=\"450\" \/><\/p>\r\n<p><img class=\"aligncenter wp-image-571 size-large\" src=\"https:\/\/urtelen.cafeblog.hu\/files\/2018\/06\/IMG_1132-450x600.jpg\" alt=\"\" width=\"450\" height=\"600\" \/><\/p>\r\n[caption id=\"attachment_576\" align=\"aligncenter\" width=\"600\"]<img class=\"wp-image-576 size-large\" src=\"https:\/\/urtelen.cafeblog.hu\/files\/2018\/06\/IMG_1137-600x450.jpg\" alt=\"\" width=\"600\" height=\"450\" \/> Ezen a m\u00e1zsah\u00e1z melletti kis vas\u00fati meg\u00e1ll\u00f3b\u00f3l k\u00e9sz\u00edtett k\u00e9pen l\u00e1tszik a sz\u00e9lmalom, a Szent-Imre-k\u00e1polna \u00e9s a sz\u00e1mtart\u00f3i lak\u00e1s \u00e9p\u00fclete is.[\/caption]\r\n[caption id=\"attachment_579\" align=\"aligncenter\" width=\"600\"]<img class=\"wp-image-579 size-large\" src=\"https:\/\/urtelen.cafeblog.hu\/files\/2018\/06\/IMG_1140-600x450.jpg\" alt=\"\" width=\"600\" height=\"450\" \/> ...no meg az \u00e9ppen \u00e9rkez\u0151 'kispiros'.[\/caption]\r\n<p><img class=\"aligncenter wp-image-592 size-large\" src=\"https:\/\/urtelen.cafeblog.hu\/files\/2018\/06\/IMG_1153-600x450.jpg\" alt=\"\" width=\"600\" height=\"450\" \/><\/p>\r\n<p><img class=\"aligncenter wp-image-598 size-large\" src=\"https:\/\/urtelen.cafeblog.hu\/files\/2018\/06\/IMG_1159-600x450.jpg\" alt=\"\" width=\"600\" height=\"450\" \/><\/p>\r\n<p><img class=\"aligncenter wp-image-583 size-large\" src=\"https:\/\/urtelen.cafeblog.hu\/files\/2018\/06\/IMG_1144-450x600.jpg\" alt=\"\" width=\"450\" height=\"600\" \/><\/p>\r\n<p><img class=\"aligncenter wp-image-585 size-large\" src=\"https:\/\/urtelen.cafeblog.hu\/files\/2018\/06\/IMG_1146-450x600.jpg\" alt=\"\" width=\"450\" height=\"600\" \/><\/p>\r\n<p class=\"aligncenter\"><img class=\"aligncenter wp-image-587 size-large\" src=\"https:\/\/urtelen.cafeblog.hu\/files\/2018\/06\/IMG_1148-600x450.jpg\" alt=\"\" width=\"600\" height=\"450\" \/><\/p>\r\n<p class=\"aligncenter\"><img class=\"aligncenter wp-image-581 size-large\" src=\"https:\/\/urtelen.cafeblog.hu\/files\/2018\/06\/IMG_1142-600x450.jpg\" alt=\"\" width=\"600\" height=\"450\" \/><\/p>\r\n<p class=\"aligncenter\"><img class=\"aligncenter wp-image-573 size-large\" src=\"https:\/\/urtelen.cafeblog.hu\/files\/2018\/06\/IMG_1134-600x450.jpg\" alt=\"\" width=\"600\" height=\"450\" \/><\/p>\r\n<p class=\"aligncenter\"><img class=\"aligncenter wp-image-570 size-large\" src=\"https:\/\/urtelen.cafeblog.hu\/files\/2018\/06\/IMG_1131-450x600.jpg\" alt=\"\" width=\"450\" height=\"600\" \/><\/p>\r\n<p class=\"aligncenter\"><img class=\"aligncenter wp-image-574 size-large\" src=\"https:\/\/urtelen.cafeblog.hu\/files\/2018\/06\/IMG_1135-600x450.jpg\" alt=\"\" width=\"600\" height=\"450\" \/><\/p>\r\n<p class=\"aligncenter\"><img class=\"aligncenter wp-image-588 size-large\" src=\"https:\/\/urtelen.cafeblog.hu\/files\/2018\/06\/IMG_1149-600x450.jpg\" alt=\"\" width=\"600\" height=\"450\" \/><\/p>\r\n<p class=\"aligncenter\"><img class=\"aligncenter wp-image-590 size-large\" src=\"https:\/\/urtelen.cafeblog.hu\/files\/2018\/06\/IMG_1151-450x600.jpg\" alt=\"\" width=\"450\" height=\"600\" \/><\/p>\r\n<p class=\"aligncenter\"><img class=\"aligncenter wp-image-595 size-large\" src=\"https:\/\/urtelen.cafeblog.hu\/files\/2018\/06\/IMG_1156-600x450.jpg\" alt=\"\" width=\"600\" height=\"450\" \/><\/p>\r\n<p class=\"aligncenter\"><img class=\"aligncenter wp-image-594 size-large\" src=\"https:\/\/urtelen.cafeblog.hu\/files\/2018\/06\/IMG_1155-450x600.jpg\" alt=\"\" width=\"450\" height=\"600\" \/><\/p>\r\n<p class=\"aligncenter\"><img class=\"aligncenter wp-image-596 size-large\" src=\"https:\/\/urtelen.cafeblog.hu\/files\/2018\/06\/IMG_1157-450x600.jpg\" alt=\"\" width=\"450\" height=\"600\" \/><\/p>\r\n<p class=\"aligncenter\"><img class=\"aligncenter wp-image-593 size-large\" src=\"https:\/\/urtelen.cafeblog.hu\/files\/2018\/06\/IMG_1154-600x450.jpg\" alt=\"\" width=\"600\" height=\"450\" \/><\/p>\r\n<p class=\"aligncenter\"><img class=\"aligncenter wp-image-597 size-large\" src=\"https:\/\/urtelen.cafeblog.hu\/files\/2018\/06\/IMG_1158-600x450.jpg\" alt=\"\" width=\"600\" height=\"450\" \/><\/p>\r\n<p>2016 \u00e1prilis\u00e1ban (m\u00e9g Lad\u00e1val voltunk) P\u00e1rom bel\u00fcl is k\u00e9sz\u00edtett n\u00e9h\u00e1ny fot\u00f3t:<\/p>\r\n<p class=\"aligncenter\"><img class=\"aligncenter wp-image-411 size-large\" src=\"https:\/\/urtelen.cafeblog.hu\/files\/2018\/03\/WP_20160424_15_08_32_Pro-338x600.jpg\" alt=\"\" width=\"338\" height=\"600\" \/><\/p>\r\n<p class=\"aligncenter\"><img class=\"aligncenter wp-image-412 size-large\" src=\"https:\/\/urtelen.cafeblog.hu\/files\/2018\/03\/WP_20160424_15_21_06_Pro-338x600.jpg\" alt=\"\" width=\"338\" height=\"600\" \/><\/p>\r\n<p class=\"aligncenter\"><img class=\"aligncenter wp-image-413 size-large\" src=\"https:\/\/urtelen.cafeblog.hu\/files\/2018\/03\/WP_20160424_15_21_27_Pro-338x600.jpg\" alt=\"\" width=\"338\" height=\"600\" \/><\/p>\r\n<p class=\"aligncenter\"><img class=\"aligncenter wp-image-415 size-large\" src=\"https:\/\/urtelen.cafeblog.hu\/files\/2018\/03\/WP_20160424_15_22_13_Pro-338x600.jpg\" alt=\"\" width=\"338\" height=\"600\" \/><\/p>\r\n<p class=\"aligncenter\"><img class=\"aligncenter wp-image-417 size-large\" src=\"https:\/\/urtelen.cafeblog.hu\/files\/2018\/03\/WP_20160424_15_22_33_Pro-338x600.jpg\" alt=\"\" width=\"338\" height=\"600\" \/><\/p>\r\n<p class=\"aligncenter\"><img class=\"aligncenter wp-image-418 size-large\" src=\"https:\/\/urtelen.cafeblog.hu\/files\/2018\/03\/WP_20160424_15_22_37_Pro-338x600.jpg\" alt=\"\" width=\"338\" height=\"600\" \/><\/p>\r\n<p class=\"aligncenter\"><img class=\"aligncenter wp-image-419 size-large\" src=\"https:\/\/urtelen.cafeblog.hu\/files\/2018\/03\/WP_20160424_15_23_00_Pro-338x600.jpg\" alt=\"\" width=\"338\" height=\"600\" \/><\/p>\r\n<p class=\"aligncenter\"><img class=\"aligncenter wp-image-420 size-large\" src=\"https:\/\/urtelen.cafeblog.hu\/files\/2018\/03\/WP_20160424_15_23_08_Pro-338x600.jpg\" alt=\"\" width=\"338\" height=\"600\" \/><\/p>\r\n<p>A muemlekem.hu oldal\u00e1n egy 2010 dedemberi bejegyz\u00e9s l\u00e1that\u00f3. Akkor m\u00e9g a m\u00e1zsa is az \u00e9p\u00fcletben \u00e1llt, a k\u00e9pek k\u00e9sz\u00edt\u0151je pedig bizakod\u00f3 hangnemben \u00edrt: \"M\u00e9g viszonylag j\u00f3 \u00e1llapot\u00fa \u00e9p\u00fclet, b\u00e1r l\u00e1that\u00f3an funkci\u00f3tlan, kihaszn\u00e1latlan, \u00edgy sz\u00e9pen lassan megy t\u00f6nkre: a tet\u0151r\u0151l t\u00f6bb cser\u00e9p hi\u00e1nyzik, a lyukak alatt a falak \u00e1znak, vakolatuk m\u00e1lladozik, az ablakok \u00fcvegei hi\u00e1nyoznak stb. Valami funkci\u00f3t c\u00e9lszer\u0171 lenne neki tal\u00e1lni gyorsan, miel\u0151tt teljesen t\u00f6nkremegy.\" (id\u00e9zet, illetve a k\u00f6vetkez\u0151 k\u00e9t k\u00e9p\u00a0<a href=\"http:\/\/muemlekem.hu\/muemlek?id=-6285\">innen<\/a>)<\/p>\r\n<p><img class=\"aligncenter wp-image-602 size-large\" src=\"https:\/\/urtelen.cafeblog.hu\/files\/2018\/06\/2389_20101212_09333938-600x450.jpg\" alt=\"\" width=\"600\" height=\"450\" \/><\/p>\r\n<p><img class=\"aligncenter wp-image-603 size-large\" src=\"https:\/\/urtelen.cafeblog.hu\/files\/2018\/06\/2389_20101212_09350871-600x450.jpg\" alt=\"\" width=\"600\" height=\"450\" \/><\/p>\r\n<p>F\u00e9lek, most m\u00e1r val\u00f3ban csak a lebont\u00e1s\u00e1ra v\u00e1r... :(<\/p>\r\n<p>&nbsp;<\/p>","type":"rich","thumbnail_url":"https:\/\/urtelen.cafeblog.hu\/files\/2018\/06\/IMG_1155-150x150.jpg","thumbnail_width":150,"thumbnail_height":150}

Űrtelenségek

Bagimajor - Mázsaház

<p>(A kategóriák közül a "menthetetlenek" közé soroltam... de én ezt azért még megkérdőjelezném...)</p>
<p>"Mint a neve is mutatja, ez a piciny település az egykori majorságból alakult ki, melynek – a hozzá tartozó birtokkal együtt – tulajdonosa Szécsényi Baghy Gyula és családja volt, kb. a századfordulótól a második világháborúig."</p>
<p>"Bagimajor mai házai közül, jó néhány, az egykori uradalom kastélyának és egyéb épületeinek bontott anyagát is magában foglalja. Az egykori majorság még viszonylag épen maradt épületei a következők: a nemrégiben felújított szélmalom, a részben felújított számtartói lakás és későbbi iskola épülete, a szépen felújított – magánkézben lévő – magtár, az omladozó, egykori mázsaház és a szintén részben felújított Szt. Imre kápolna, mely magában foglalja a Baghy család temetkezési kriptáját is." (Az idézetek <a href="https://kengyelinfo.blogspot.com/2011/02/baghy-v-bagimajor.html">innen</a> származnak. Természetesen az írás - mely 2011-es - teljes egészében igen érdekes, következő bejegyzéseimben szintén használok fel részleteket belőle ;) )</p>
<p>Egy 2015-ös <a href="http://iszolnok.hu/2015/04/08/a-szel-ellen-is-megvedik-bagimajor-szelmalmat/">cikk</a> az egykori mázsaházat már így említi meg: "Ugyanott áll egy omladozó, valaha mázsaházként szolgáló épület, aminek a helyére boltot építenének a helyi termékek számára."</p>
<p>A kis épületet 2016 áprilisában fotóztuk körbe (ezek a képek a bejegyzésem végére kerültek), akkor még csupán érdekes-űrtelen mivolta miatt.</p>
<p>Idén néztem jobban utána a hátterének, két napja pedig ismét meglátogattuk a házikót, hogy szebb fotókat készíthessünk (ne csak telefonnal ;) ). </p>
<p><img class="aligncenter wp-image-578 size-large" src="https://urtelen.cafeblog.hu/files/2018/06/IMG_1139-600x450.jpg" alt="" width="600" height="450" /></p>
<p><img class="aligncenter wp-image-571 size-large" src="https://urtelen.cafeblog.hu/files/2018/06/IMG_1132-450x600.jpg" alt="" width="450" height="600" /></p>
[caption id="attachment_576" align="aligncenter" width="600"]<img class="wp-image-576 size-large" src="https://urtelen.cafeblog.hu/files/2018/06/IMG_1137-600x450.jpg" alt="" width="600" height="450" /> Ezen a mázsaház melletti kis vasúti megállóból készített képen látszik a szélmalom, a Szent-Imre-kápolna és a számtartói lakás épülete is.[/caption]
[caption id="attachment_579" align="aligncenter" width="600"]<img class="wp-image-579 size-large" src="https://urtelen.cafeblog.hu/files/2018/06/IMG_1140-600x450.jpg" alt="" width="600" height="450" /> ...no meg az éppen érkező 'kispiros'.[/caption]
<p><img class="aligncenter wp-image-592 size-large" src="https://urtelen.cafeblog.hu/files/2018/06/IMG_1153-600x450.jpg" alt="" width="600" height="450" /></p>
<p><img class="aligncenter wp-image-598 size-large" src="https://urtelen.cafeblog.hu/files/2018/06/IMG_1159-600x450.jpg" alt="" width="600" height="450" /></p>
<p><img class="aligncenter wp-image-583 size-large" src="https://urtelen.cafeblog.hu/files/2018/06/IMG_1144-450x600.jpg" alt="" width="450" height="600" /></p>
<p><img class="aligncenter wp-image-585 size-large" src="https://urtelen.cafeblog.hu/files/2018/06/IMG_1146-450x600.jpg" alt="" width="450" height="600" /></p>
<p class="aligncenter"><img class="aligncenter wp-image-587 size-large" src="https://urtelen.cafeblog.hu/files/2018/06/IMG_1148-600x450.jpg" alt="" width="600" height="450" /></p>
<p class="aligncenter"><img class="aligncenter wp-image-581 size-large" src="https://urtelen.cafeblog.hu/files/2018/06/IMG_1142-600x450.jpg" alt="" width="600" height="450" /></p>
<p class="aligncenter"><img class="aligncenter wp-image-573 size-large" src="https://urtelen.cafeblog.hu/files/2018/06/IMG_1134-600x450.jpg" alt="" width="600" height="450" /></p>
<p class="aligncenter"><img class="aligncenter wp-image-570 size-large" src="https://urtelen.cafeblog.hu/files/2018/06/IMG_1131-450x600.jpg" alt="" width="450" height="600" /></p>
<p class="aligncenter"><img class="aligncenter wp-image-574 size-large" src="https://urtelen.cafeblog.hu/files/2018/06/IMG_1135-600x450.jpg" alt="" width="600" height="450" /></p>
<p class="aligncenter"><img class="aligncenter wp-image-588 size-large" src="https://urtelen.cafeblog.hu/files/2018/06/IMG_1149-600x450.jpg" alt="" width="600" height="450" /></p>
<p class="aligncenter"><img class="aligncenter wp-image-590 size-large" src="https://urtelen.cafeblog.hu/files/2018/06/IMG_1151-450x600.jpg" alt="" width="450" height="600" /></p>
<p class="aligncenter"><img class="aligncenter wp-image-595 size-large" src="https://urtelen.cafeblog.hu/files/2018/06/IMG_1156-600x450.jpg" alt="" width="600" height="450" /></p>
<p class="aligncenter"><img class="aligncenter wp-image-594 size-large" src="https://urtelen.cafeblog.hu/files/2018/06/IMG_1155-450x600.jpg" alt="" width="450" height="600" /></p>
<p class="aligncenter"><img class="aligncenter wp-image-596 size-large" src="https://urtelen.cafeblog.hu/files/2018/06/IMG_1157-450x600.jpg" alt="" width="450" height="600" /></p>
<p class="aligncenter"><img class="aligncenter wp-image-593 size-large" src="https://urtelen.cafeblog.hu/files/2018/06/IMG_1154-600x450.jpg" alt="" width="600" height="450" /></p>
<p class="aligncenter"><img class="aligncenter wp-image-597 size-large" src="https://urtelen.cafeblog.hu/files/2018/06/IMG_1158-600x450.jpg" alt="" width="600" height="450" /></p>
<p>2016 áprilisában (még Ladával voltunk) Párom belül is készített néhány fotót:</p>
<p class="aligncenter"><img class="aligncenter wp-image-411 size-large" src="https://urtelen.cafeblog.hu/files/2018/03/WP_20160424_15_08_32_Pro-338x600.jpg" alt="" width="338" height="600" /></p>
<p class="aligncenter"><img class="aligncenter wp-image-412 size-large" src="https://urtelen.cafeblog.hu/files/2018/03/WP_20160424_15_21_06_Pro-338x600.jpg" alt="" width="338" height="600" /></p>
<p class="aligncenter"><img class="aligncenter wp-image-413 size-large" src="https://urtelen.cafeblog.hu/files/2018/03/WP_20160424_15_21_27_Pro-338x600.jpg" alt="" width="338" height="600" /></p>
<p class="aligncenter"><img class="aligncenter wp-image-415 size-large" src="https://urtelen.cafeblog.hu/files/2018/03/WP_20160424_15_22_13_Pro-338x600.jpg" alt="" width="338" height="600" /></p>
<p class="aligncenter"><img class="aligncenter wp-image-417 size-large" src="https://urtelen.cafeblog.hu/files/2018/03/WP_20160424_15_22_33_Pro-338x600.jpg" alt="" width="338" height="600" /></p>
<p class="aligncenter"><img class="aligncenter wp-image-418 size-large" src="https://urtelen.cafeblog.hu/files/2018/03/WP_20160424_15_22_37_Pro-338x600.jpg" alt="" width="338" height="600" /></p>
<p class="aligncenter"><img class="aligncenter wp-image-419 size-large" src="https://urtelen.cafeblog.hu/files/2018/03/WP_20160424_15_23_00_Pro-338x600.jpg" alt="" width="338" height="600" /></p>
<p class="aligncenter"><img class="aligncenter wp-image-420 size-large" src="https://urtelen.cafeblog.hu/files/2018/03/WP_20160424_15_23_08_Pro-338x600.jpg" alt="" width="338" height="600" /></p>
<p>A muemlekem.hu oldalán egy 2010 dedemberi bejegyzés látható. Akkor még a mázsa is az épületben állt, a képek készítője pedig bizakodó hangnemben írt: "Még viszonylag jó állapotú épület, bár láthatóan funkciótlan, kihasználatlan, így szépen lassan megy tönkre: a tetőről több cserép hiányzik, a lyukak alatt a falak áznak, vakolatuk málladozik, az ablakok üvegei hiányoznak stb. Valami funkciót célszerű lenne neki találni gyorsan, mielőtt teljesen tönkremegy." (idézet, illetve a következő két kép <a href="http://muemlekem.hu/muemlek?id=-6285">innen</a>)</p>
<p><img class="aligncenter wp-image-602 size-large" src="https://urtelen.cafeblog.hu/files/2018/06/2389_20101212_09333938-600x450.jpg" alt="" width="600" height="450" /></p>
<p><img class="aligncenter wp-image-603 size-large" src="https://urtelen.cafeblog.hu/files/2018/06/2389_20101212_09350871-600x450.jpg" alt="" width="600" height="450" /></p>
<p>Félek, most már valóban csak a lebontására vár... :(</p>
<p>&nbsp;</p>
