{"version":"1.0","provider_name":"\u0170rtelens\u00e9gek","provider_url":"https:\/\/urtelen.cafeblog.hu","author_name":"hellomoncsi","author_url":"https:\/\/urtelen.cafeblog.hu\/author\/hellomoncsi\/","title":"\u00c1lmodoztunk...","html":"<p>Ez a bejegyz\u00e9sem m\u00e9g a <a href=\"https:\/\/festettladafia.cafeblog.hu\/2015\/12\/17\/almodozunk\/\">festettl\u00e1dafia<\/a> blogon jelent meg, b\u0151 k\u00e9t \u00e9ve (2015. december 12-\u00e9n), de a kieg\u00e9sz\u00edt\u00e9s is fontos a v\u00e9g\u00e9n! ;)<\/p>\r\n<p>...avagy mire k\u00f6lten\u00e9nk a milli\u00f3kat, ha nyern\u00e9nk a lott\u00f3n - 1. r\u00e9sz<\/p>\r\n<p>(Mint megtudtam\u00a0<del>sokkos \u00e1llapotban olvastam r\u00f3la<\/del>, <a href=\"https:\/\/urtelen.cafeblog.hu\/2017\/12\/04\/a-leggyonyorubb-urtelen\/\" target=\"_blank\" rel=\"noopener\">Kast\u00e9lyunkr\u00f3l<\/a>\u00a0lecs\u00fasztunk, de ez egy m\u00e1sik bejegyz\u00e9s t\u00e9m\u00e1ja, hamarosan...)<\/p>\r\n<p>Nem messze t\u0151l\u00fcnk, a f\u0151\u00fat mellett \u00e1ll (m\u00e9g \u00e9ppen) ez a hatalmas \u00e9p\u00fclet. M\u00faltja most nem t\u00e1rgya a bejegyz\u00e9snek, ez most csak n\u00e9h\u00e1ny k\u00e9p a romos jelen\u00e9r\u0151l.<\/p>\r\n<p>\u00cdgy is gy\u00f6ny\u00f6r\u0171...tal\u00e1n mert l\u00e1tom magam el\u0151tt, milyen volt r\u00e9gen...de ink\u00e1bb l\u00e1tom azt, milyenn\u00e9 var\u00e1zsolhatn\u00e1nk, ha meglenne az a lott\u00f3nyerem\u00e9ny...<\/p>\r\n<p>Nem tudom pontosan, milyen funkci\u00f3t sz\u00e1nn\u00e9k neki - lehetne m\u00fazeum, k\u00f6nyvt\u00e1r, zeneiskola... -, de ha csak egyszer l\u00e1thatn\u00e1m bel\u00fclr\u0151l is, m\u00e1r boldog lenn\u00e9k...\u00a0\u2665<\/p>\r\n<p><a href=\"https:\/\/festettladafia.cafeblog.hu\/files\/2015\/12\/IMG_9218.jpg\"><img class=\"aligncenter wp-image-3181 size-large\" src=\"https:\/\/festettladafia.cafeblog.hu\/files\/2015\/12\/IMG_9218-450x600.jpg\" alt=\"IMG_9218\" width=\"450\" height=\"600\" \/><\/a><\/p>\r\n[caption id=\"attachment_3185\" align=\"aligncenter\" width=\"450\"]<a href=\"https:\/\/festettladafia.cafeblog.hu\/files\/2015\/12\/IMG_9222.jpg\"><img class=\"wp-image-3185 size-large\" src=\"https:\/\/festettladafia.cafeblog.hu\/files\/2015\/12\/IMG_9222-450x600.jpg\" alt=\"IMG_9222\" width=\"450\" height=\"600\" \/><\/a> A - val\u00f3sz\u00edn\u0171leg ellopott - es\u0151csatorna hi\u00e1nya megtette hat\u00e1s\u00e1t.[\/caption]\r\n[caption id=\"attachment_3186\" align=\"aligncenter\" width=\"450\"]<a href=\"https:\/\/festettladafia.cafeblog.hu\/files\/2015\/12\/IMG_9224.jpg\"><img class=\"wp-image-3186 size-large\" src=\"https:\/\/festettladafia.cafeblog.hu\/files\/2015\/12\/IMG_9224-450x600.jpg\" alt=\"IMG_9224\" width=\"450\" height=\"600\" \/><\/a> Oml\u00f3 vakolat...[\/caption]\r\n[caption id=\"attachment_3187\" align=\"aligncenter\" width=\"450\"]<a href=\"https:\/\/festettladafia.cafeblog.hu\/files\/2015\/12\/IMG_9225.jpg\"><img class=\"wp-image-3187 size-large\" src=\"https:\/\/festettladafia.cafeblog.hu\/files\/2015\/12\/IMG_9225-450x600.jpg\" alt=\"IMG_9225\" width=\"450\" height=\"600\" \/><\/a> ...leszakadt red\u0151ny...[\/caption]\r\n[caption id=\"attachment_3188\" align=\"aligncenter\" width=\"600\"]<a href=\"https:\/\/festettladafia.cafeblog.hu\/files\/2015\/12\/IMG_9226.jpg\"><img class=\"wp-image-3188 size-large\" src=\"https:\/\/festettladafia.cafeblog.hu\/files\/2015\/12\/IMG_9226-600x450.jpg\" alt=\"IMG_9226\" width=\"600\" height=\"450\" \/><\/a> ...gy\u00f6ny\u00f6r\u0171 r\u00e9szletek...[\/caption]\r\n<p><a href=\"https:\/\/festettladafia.cafeblog.hu\/files\/2015\/12\/IMG_9229.jpg\"><img class=\"aligncenter wp-image-3190 size-large\" src=\"https:\/\/festettladafia.cafeblog.hu\/files\/2015\/12\/IMG_9229-600x450.jpg\" alt=\"IMG_9229\" width=\"600\" height=\"450\" \/><\/a><\/p>\r\n<p><a href=\"https:\/\/festettladafia.cafeblog.hu\/files\/2015\/12\/IMG_9230.jpg\"><img class=\"aligncenter wp-image-3191 size-large\" src=\"https:\/\/festettladafia.cafeblog.hu\/files\/2015\/12\/IMG_9230-450x600.jpg\" alt=\"IMG_9230\" width=\"450\" height=\"600\" \/><\/a><\/p>\r\n<p><a href=\"https:\/\/festettladafia.cafeblog.hu\/files\/2015\/12\/IMG_9232.jpg\"><img class=\"aligncenter wp-image-3193 size-large\" src=\"https:\/\/festettladafia.cafeblog.hu\/files\/2015\/12\/IMG_9232-600x450.jpg\" alt=\"IMG_9232\" width=\"600\" height=\"450\" \/><\/a><\/p>\r\n[caption id=\"attachment_3194\" align=\"aligncenter\" width=\"450\"]<a href=\"https:\/\/festettladafia.cafeblog.hu\/files\/2015\/12\/IMG_9235.jpg\"><img class=\"wp-image-3194 size-large\" src=\"https:\/\/festettladafia.cafeblog.hu\/files\/2015\/12\/IMG_9235-450x600.jpg\" alt=\"IMG_9235\" width=\"450\" height=\"600\" \/><\/a> Bal oldali kapu[\/caption]\r\n[caption id=\"attachment_3183\" align=\"aligncenter\" width=\"450\"]<a href=\"https:\/\/festettladafia.cafeblog.hu\/files\/2015\/12\/IMG_9220.jpg\"><img class=\"wp-image-3183 size-large\" src=\"https:\/\/festettladafia.cafeblog.hu\/files\/2015\/12\/IMG_9220-450x600.jpg\" alt=\"IMG_9220\" width=\"450\" height=\"600\" \/><\/a> ...\u00e9s jobb oldali p\u00e1rja.[\/caption]\r\n<p><img class=\"aligncenter wp-image-283 size-large\" src=\"https:\/\/urtelen.cafeblog.hu\/files\/2018\/01\/IMG_9219-450x600.jpg\" alt=\"\" width=\"450\" height=\"600\" \/><\/p>\r\n<p><a href=\"https:\/\/festettladafia.cafeblog.hu\/files\/2015\/12\/IMG_9238.jpg\"><img class=\"aligncenter wp-image-3195 size-large\" src=\"https:\/\/festettladafia.cafeblog.hu\/files\/2015\/12\/IMG_9238-450x600.jpg\" alt=\"IMG_9238\" width=\"450\" height=\"600\" \/><\/a><\/p>\r\n<p><a href=\"https:\/\/festettladafia.cafeblog.hu\/files\/2015\/12\/IMG_9239.jpg\"><img class=\"aligncenter wp-image-3196 size-large\" src=\"https:\/\/festettladafia.cafeblog.hu\/files\/2015\/12\/IMG_9239-450x600.jpg\" alt=\"IMG_9239\" width=\"450\" height=\"600\" \/><\/a><\/p>\r\n[caption id=\"attachment_3197\" align=\"aligncenter\" width=\"450\"]<a href=\"https:\/\/festettladafia.cafeblog.hu\/files\/2015\/12\/IMG_9240.jpg\"><img class=\"wp-image-3197 size-large\" src=\"https:\/\/festettladafia.cafeblog.hu\/files\/2015\/12\/IMG_9240-450x600.jpg\" alt=\"IMG_9240\" width=\"450\" height=\"600\" \/><\/a> A nagykapu z\u00e1rja is d\u00edszes.[\/caption]\r\n<p><a href=\"https:\/\/festettladafia.cafeblog.hu\/files\/2015\/12\/IMG_9221.jpg\"><img class=\"aligncenter wp-image-3184 size-large\" src=\"https:\/\/festettladafia.cafeblog.hu\/files\/2015\/12\/IMG_9221-450x600.jpg\" alt=\"IMG_9221\" width=\"450\" height=\"600\" \/><\/a><\/p>\r\n<div class=\"mceTemp\">\u00a0<\/div>\r\n<p>Az \u00e9p\u00fclet hatalmas pinc\u00e9j\u00e9ben boroz\u00f3 m\u0171k\u00f6d\u00f6tt \u00e9vekkel ezel\u0151tt - a Mi kapcsolatunk is itt kezd\u0151d\u00f6tt ;)<\/p>\r\n<p>Valami nagyon-nagyon r\u00e9gi \u00e9s elmos\u00f3dott eml\u00e9kem szerint pedig a jobb oldali kapu egy k\u00fcl\u00f6n lak\u00e1sba vezetett, fel volt osztva tal\u00e1n a h\u00e1z, \u00e9s gyerekkoromban m\u00e9g lakott itt valaki.<\/p>\r\n<p>Mindig csod\u00e1ltam, de m\u00falt vas\u00e1rnap \u00f3ta, hogy k\u00f6zelebbr\u0151l megn\u00e9ztem \u00e9vek \u00f3ta el\u0151sz\u00f6r, \u00a0ink\u00e1bb m\u00e1r agg\u00f3dok \u00e9rte- ha \u00edgy marad ez az \u00e9p\u00fclet, ilyen elfeledetten, \u00e9vek k\u00e9rd\u00e9se, \u00e9s menthetetlen lesz :(<\/p>\r\n<p>(Mi\u00e9rt is ne?-alapon, a h\u00f3nap eddigi leghidegebb napj\u00e1n ment\u00fcnk \"kir\u00e1ndulni\" - a lelkes fot\u00f3z\u00e1s v\u00e9g\u00e9n m\u00e1r csak ny\u00fcsz\u00f6gni tudtam az ujjaimat \u00e9rt fagy\u00e1s f\u00e1jdalm\u00e1t\u00f3l :P :D De h\u00e1t ezt tudtuk - \u0170rtelens\u00e9get kutatni sosem vesz\u00e9lytelen ;) )<\/p>\r\n<p><strong>Tavaly pedig (2017 november\u00e9ben) eljutott hozz\u00e1nk a h\u00edr, hogy hamarosan fel\u00faj\u00edtj\u00e1k az \u00e9p\u00fcletet - a tervek szerint pedig \u00e1lland\u00f3 ki\u00e1ll\u00edt\u00e1sokat rendeznek majd be az eredetileg h\u00e1rom nagy szob\u00e1ban (megsz\u00fcntetik jelenlegi felosztotts\u00e1gukat), a padl\u00e1son terveznek id\u0151szaki ki\u00e1ll\u00edt\u00e1sokat, t\u00f6bbek k\u00f6z\u00f6tt. Eg\u00e9sz j\u00f3k a tervek... majd jelentkezek terem\u0151rnek ;) :D\u00a0\u2665<\/strong><\/p>","type":"rich","thumbnail_url":"https:\/\/urtelen.cafeblog.hu\/files\/2018\/01\/IMG_9219-150x150.jpg","thumbnail_width":150,"thumbnail_height":150}

Űrtelenségek

Álmodoztunk...

<p>Ez a bejegyzésem még a <a href="https://festettladafia.cafeblog.hu/2015/12/17/almodozunk/">festettládafia</a> blogon jelent meg, bő két éve (2015. december 12-én), de a kiegészítés is fontos a végén! ;)</p>
<p>...avagy mire költenénk a milliókat, ha nyernénk a lottón - 1. rész</p>
<p>(Mint megtudtam <del>sokkos állapotban olvastam róla</del>, <a href="https://urtelen.cafeblog.hu/2017/12/04/a-leggyonyorubb-urtelen/" target="_blank" rel="noopener">Kastélyunkról</a> lecsúsztunk, de ez egy másik bejegyzés témája, hamarosan...)</p>
<p>Nem messze tőlünk, a főút mellett áll (még éppen) ez a hatalmas épület. Múltja most nem tárgya a bejegyzésnek, ez most csak néhány kép a romos jelenéről.</p>
<p>Így is gyönyörű...talán mert látom magam előtt, milyen volt régen...de inkább látom azt, milyenné varázsolhatnánk, ha meglenne az a lottónyeremény...</p>
<p>Nem tudom pontosan, milyen funkciót szánnék neki - lehetne múzeum, könyvtár, zeneiskola... -, de ha csak egyszer láthatnám belülről is, már boldog lennék... ♥</p>
<p><a href="https://festettladafia.cafeblog.hu/files/2015/12/IMG_9218.jpg"><img class="aligncenter wp-image-3181 size-large" src="https://festettladafia.cafeblog.hu/files/2015/12/IMG_9218-450x600.jpg" alt="IMG_9218" width="450" height="600" /></a></p>
[caption id="attachment_3185" align="aligncenter" width="450"]<a href="https://festettladafia.cafeblog.hu/files/2015/12/IMG_9222.jpg"><img class="wp-image-3185 size-large" src="https://festettladafia.cafeblog.hu/files/2015/12/IMG_9222-450x600.jpg" alt="IMG_9222" width="450" height="600" /></a> A - valószínűleg ellopott - esőcsatorna hiánya megtette hatását.[/caption]
[caption id="attachment_3186" align="aligncenter" width="450"]<a href="https://festettladafia.cafeblog.hu/files/2015/12/IMG_9224.jpg"><img class="wp-image-3186 size-large" src="https://festettladafia.cafeblog.hu/files/2015/12/IMG_9224-450x600.jpg" alt="IMG_9224" width="450" height="600" /></a> Omló vakolat...[/caption]
[caption id="attachment_3187" align="aligncenter" width="450"]<a href="https://festettladafia.cafeblog.hu/files/2015/12/IMG_9225.jpg"><img class="wp-image-3187 size-large" src="https://festettladafia.cafeblog.hu/files/2015/12/IMG_9225-450x600.jpg" alt="IMG_9225" width="450" height="600" /></a> ...leszakadt redőny...[/caption]
[caption id="attachment_3188" align="aligncenter" width="600"]<a href="https://festettladafia.cafeblog.hu/files/2015/12/IMG_9226.jpg"><img class="wp-image-3188 size-large" src="https://festettladafia.cafeblog.hu/files/2015/12/IMG_9226-600x450.jpg" alt="IMG_9226" width="600" height="450" /></a> ...gyönyörű részletek...[/caption]
<p><a href="https://festettladafia.cafeblog.hu/files/2015/12/IMG_9229.jpg"><img class="aligncenter wp-image-3190 size-large" src="https://festettladafia.cafeblog.hu/files/2015/12/IMG_9229-600x450.jpg" alt="IMG_9229" width="600" height="450" /></a></p>
<p><a href="https://festettladafia.cafeblog.hu/files/2015/12/IMG_9230.jpg"><img class="aligncenter wp-image-3191 size-large" src="https://festettladafia.cafeblog.hu/files/2015/12/IMG_9230-450x600.jpg" alt="IMG_9230" width="450" height="600" /></a></p>
<p><a href="https://festettladafia.cafeblog.hu/files/2015/12/IMG_9232.jpg"><img class="aligncenter wp-image-3193 size-large" src="https://festettladafia.cafeblog.hu/files/2015/12/IMG_9232-600x450.jpg" alt="IMG_9232" width="600" height="450" /></a></p>
[caption id="attachment_3194" align="aligncenter" width="450"]<a href="https://festettladafia.cafeblog.hu/files/2015/12/IMG_9235.jpg"><img class="wp-image-3194 size-large" src="https://festettladafia.cafeblog.hu/files/2015/12/IMG_9235-450x600.jpg" alt="IMG_9235" width="450" height="600" /></a> Bal oldali kapu[/caption]
[caption id="attachment_3183" align="aligncenter" width="450"]<a href="https://festettladafia.cafeblog.hu/files/2015/12/IMG_9220.jpg"><img class="wp-image-3183 size-large" src="https://festettladafia.cafeblog.hu/files/2015/12/IMG_9220-450x600.jpg" alt="IMG_9220" width="450" height="600" /></a> ...és jobb oldali párja.[/caption]
<p><img class="aligncenter wp-image-283 size-large" src="https://urtelen.cafeblog.hu/files/2018/01/IMG_9219-450x600.jpg" alt="" width="450" height="600" /></p>
<p><a href="https://festettladafia.cafeblog.hu/files/2015/12/IMG_9238.jpg"><img class="aligncenter wp-image-3195 size-large" src="https://festettladafia.cafeblog.hu/files/2015/12/IMG_9238-450x600.jpg" alt="IMG_9238" width="450" height="600" /></a></p>
<p><a href="https://festettladafia.cafeblog.hu/files/2015/12/IMG_9239.jpg"><img class="aligncenter wp-image-3196 size-large" src="https://festettladafia.cafeblog.hu/files/2015/12/IMG_9239-450x600.jpg" alt="IMG_9239" width="450" height="600" /></a></p>
[caption id="attachment_3197" align="aligncenter" width="450"]<a href="https://festettladafia.cafeblog.hu/files/2015/12/IMG_9240.jpg"><img class="wp-image-3197 size-large" src="https://festettladafia.cafeblog.hu/files/2015/12/IMG_9240-450x600.jpg" alt="IMG_9240" width="450" height="600" /></a> A nagykapu zárja is díszes.[/caption]
<p><a href="https://festettladafia.cafeblog.hu/files/2015/12/IMG_9221.jpg"><img class="aligncenter wp-image-3184 size-large" src="https://festettladafia.cafeblog.hu/files/2015/12/IMG_9221-450x600.jpg" alt="IMG_9221" width="450" height="600" /></a></p>
<div class="mceTemp"> </div>
<p>Az épület hatalmas pincéjében borozó működött évekkel ezelőtt - a Mi kapcsolatunk is itt kezdődött ;)</p>
<p>Valami nagyon-nagyon régi és elmosódott emlékem szerint pedig a jobb oldali kapu egy külön lakásba vezetett, fel volt osztva talán a ház, és gyerekkoromban még lakott itt valaki.</p>
<p>Mindig csodáltam, de múlt vasárnap óta, hogy közelebbről megnéztem évek óta először,  inkább már aggódok érte- ha így marad ez az épület, ilyen elfeledetten, évek kérdése, és menthetetlen lesz :(</p>
<p>(Miért is ne?-alapon, a hónap eddigi leghidegebb napján mentünk "kirándulni" - a lelkes fotózás végén már csak nyüszögni tudtam az ujjaimat ért fagyás fájdalmától :P :D De hát ezt tudtuk - Űrtelenséget kutatni sosem veszélytelen ;) )</p>
<p><strong>Tavaly pedig (2017 novemberében) eljutott hozzánk a hír, hogy hamarosan felújítják az épületet - a tervek szerint pedig állandó kiállításokat rendeznek majd be az eredetileg három nagy szobában (megszüntetik jelenlegi felosztottságukat), a padláson terveznek időszaki kiállításokat, többek között. Egész jók a tervek... majd jelentkezek teremőrnek ;) :D ♥</strong></p>
