{"version":"1.0","provider_name":"\u0170rtelens\u00e9gek","provider_url":"https:\/\/urtelen.cafeblog.hu","author_name":"hellomoncsi","author_url":"https:\/\/urtelen.cafeblog.hu\/author\/hellomoncsi\/","title":"Ybl nyom\u00e1ban - a dobozi magt\u00e1r","html":"<p>2012 szeptember\u00e9ben fedezt\u00fck fel a\u00a0<strong>dobozi zabsil\u00f3s magt\u00e1r<\/strong>at. Ez az \u00e9p\u00fclet 1863-ban \u00e9p\u00fclt, Ybl Mikl\u00f3s tervei alapj\u00e1n, az egykori Wenckheim-birtok sz\u00e1m\u00e1ra. Az \u00e1llapota er\u0151sen leromlott, de jelent\u0151s agr\u00e1rt\u00f6rt\u00e9neti eml\u00e9k, \u00e9s laikusk\u00e9nt is \u00e9rdekesek a megold\u00e1sai. \u00dajabb p\u00e9lda arra, hogy egy \u201ckiszolg\u00e1l\u00f3-\u00e9p\u00fclet\u201d is lehet gy\u00f6ny\u00f6r\u0171 \u2013 nem csak a funkci\u00f3 sz\u00e1m\u00edt, hanem a l\u00e1tv\u00e1ny is.<\/p>\r\n<p>(A <a href=\"https:\/\/urtelen.cafeblog.hu\/2017\/12\/04\/a-leggyonyorubb-urtelen\/\">turai kast\u00e9ly<\/a> ut\u00e1n kiss\u00e9 beleszerelmesedtem Ybl Mikl\u00f3s munk\u00e1iba\u00a0\u2665 )<\/p>\r\n<p><img class=\"aligncenter wp-image-267 size-large\" src=\"https:\/\/urtelen.cafeblog.hu\/files\/2018\/01\/K\u00e9p-062-600x450.jpg\" alt=\"\" width=\"600\" height=\"450\" \/><\/p>\r\n<p><img class=\"aligncenter wp-image-268 size-large\" src=\"https:\/\/urtelen.cafeblog.hu\/files\/2018\/01\/K\u00e9p-101-600x450.jpg\" alt=\"\" width=\"600\" height=\"450\" \/><\/p>\r\n<p><img class=\"aligncenter wp-image-269 size-large\" src=\"https:\/\/urtelen.cafeblog.hu\/files\/2018\/01\/K\u00e9p-102-450x600.jpg\" alt=\"\" width=\"450\" height=\"600\" \/><\/p>\r\n<p><img class=\"aligncenter wp-image-272 size-large\" src=\"https:\/\/urtelen.cafeblog.hu\/files\/2018\/01\/K\u00e9p-108-600x450.jpg\" alt=\"\" width=\"600\" height=\"450\" \/><\/p>\r\n<p><img class=\"aligncenter wp-image-273 size-large\" src=\"https:\/\/urtelen.cafeblog.hu\/files\/2018\/01\/K\u00e9p-145-450x600.jpg\" alt=\"\" width=\"450\" height=\"600\" \/><\/p>\r\n<p><img class=\"aligncenter wp-image-274 size-large\" src=\"https:\/\/urtelen.cafeblog.hu\/files\/2018\/01\/K\u00e9p-146-450x600.jpg\" alt=\"\" width=\"450\" height=\"600\" \/><\/p>\r\n<p><img class=\"aligncenter wp-image-271 size-large\" src=\"https:\/\/urtelen.cafeblog.hu\/files\/2018\/01\/K\u00e9p-103-450x600.jpg\" alt=\"\" width=\"450\" height=\"600\" \/><\/p>\r\n<p><img class=\"aligncenter wp-image-275 size-large\" src=\"https:\/\/urtelen.cafeblog.hu\/files\/2018\/01\/K\u00e9p-147-450x600.jpg\" alt=\"\" width=\"450\" height=\"600\" \/><\/p>\r\n<p>Ut\u00e1nk\u00f6vet\u00e9s sz\u00fcks\u00e9ges.\u00a0<\/p>\r\n<p>Az \u00e9p\u00fclet agr\u00e1rt\u00f6rt\u00e9neti m\u0171eml\u00e9k, er\u0151sen roml\u00f3 \u00e1llapotban...<\/p>\r\n<p>...volt m\u00e1r akkor is. Ki tudja, mi lett vele 6 \u00e9v alatt? :(<\/p>","type":"rich","thumbnail_url":"https:\/\/urtelen.cafeblog.hu\/files\/2018\/01\/K\u00e9p-146-150x150.jpg","thumbnail_width":150,"thumbnail_height":150}

Űrtelenségek

Ybl nyomában - a dobozi magtár

<p>2012 szeptemberében fedeztük fel a <strong>dobozi zabsilós magtár</strong>at. Ez az épület 1863-ban épült, Ybl Miklós tervei alapján, az egykori Wenckheim-birtok számára. Az állapota erősen leromlott, de jelentős agrártörténeti emlék, és laikusként is érdekesek a megoldásai. Újabb példa arra, hogy egy “kiszolgáló-épület” is lehet gyönyörű – nem csak a funkció számít, hanem a látvány is.</p>
<p>(A <a href="https://urtelen.cafeblog.hu/2017/12/04/a-leggyonyorubb-urtelen/">turai kastély</a> után kissé beleszerelmesedtem Ybl Miklós munkáiba ♥ )</p>
<p><img class="aligncenter wp-image-267 size-large" src="https://urtelen.cafeblog.hu/files/2018/01/Kép-062-600x450.jpg" alt="" width="600" height="450" /></p>
<p><img class="aligncenter wp-image-268 size-large" src="https://urtelen.cafeblog.hu/files/2018/01/Kép-101-600x450.jpg" alt="" width="600" height="450" /></p>
<p><img class="aligncenter wp-image-269 size-large" src="https://urtelen.cafeblog.hu/files/2018/01/Kép-102-450x600.jpg" alt="" width="450" height="600" /></p>
<p><img class="aligncenter wp-image-272 size-large" src="https://urtelen.cafeblog.hu/files/2018/01/Kép-108-600x450.jpg" alt="" width="600" height="450" /></p>
<p><img class="aligncenter wp-image-273 size-large" src="https://urtelen.cafeblog.hu/files/2018/01/Kép-145-450x600.jpg" alt="" width="450" height="600" /></p>
<p><img class="aligncenter wp-image-274 size-large" src="https://urtelen.cafeblog.hu/files/2018/01/Kép-146-450x600.jpg" alt="" width="450" height="600" /></p>
<p><img class="aligncenter wp-image-271 size-large" src="https://urtelen.cafeblog.hu/files/2018/01/Kép-103-450x600.jpg" alt="" width="450" height="600" /></p>
<p><img class="aligncenter wp-image-275 size-large" src="https://urtelen.cafeblog.hu/files/2018/01/Kép-147-450x600.jpg" alt="" width="450" height="600" /></p>
<p>Utánkövetés szükséges. </p>
<p>Az épület agrártörténeti műemlék, erősen romló állapotban...</p>
<p>...volt már akkor is. Ki tudja, mi lett vele 6 év alatt? :(</p>

https://urtelen.cafeblog.hu/files/2018/01/Kép-146-150x150.jpg
