{"version":"1.0","provider_name":"\u0170rtelens\u00e9gek","provider_url":"https:\/\/urtelen.cafeblog.hu","author_name":"hellomoncsi","author_url":"https:\/\/urtelen.cafeblog.hu\/author\/hellomoncsi\/","title":"Els\u0151 szerelem","html":"<p>A <a href=\"https:\/\/urtelen.cafeblog.hu\/2017\/11\/16\/kezdeti-lendulet\/\">hinta <\/a>felkutat\u00e1sa ut\u00e1n r\u00f6gt\u00f6n v\u00e9rszemet kaptunk, \u00e9s dacolva sz\u00e9llel-hideggel (aut\u00f3val persze k\u00f6nny\u0171) sz\u00e9tn\u00e9zt\u00fcnk m\u00e9g a v\u00e1rosban ;)<\/p>\r\n<p>Utunk azonnal a \"t\u00e9glagy\u00e1rhoz\" vezetett, amit m\u00e1r r\u00e9g\u00f3ta le szerettem volna fot\u00f3zni. Az \u00e9p\u00fclet a r\u00e9gi Villanytelep (k\u00e9s\u0151bb a T\u00e9glagy\u00e1r kiszolg\u00e1l\u00f3 \u00e9p\u00fclete), amely a kelet fel\u0151l v\u00e1rosunkba \u00e9rkez\u0151ket fogadja (\u00e9s szerintem gy\u00f6ny\u00f6r\u0171\u00a0\ud83d\ude09\u00a0).<\/p>\r\n<p>Az \u00e9p\u00fclet m\u00faltj\u00e1r\u00f3l n\u00e9h\u00e1ny \u00e9rdekess\u00e9g: \"A t\u00e9glagy\u00e1r \u00e9p\u00fcleteit\u0151l d\u00e9lre l\u00e9v\u0151 villanytelepet 1908-1909-ben \u00e9p\u00edtett\u00e9k, b\u00e1r pecs\u00e9tj\u00e9n 1908-as \u00e9vsz\u00e1m l\u00e1that\u00f3. Maga a villanytelep a kor ember\u00e9nek nagy-nagy csod\u00e1lkoz\u00e1s\u00e1ra egyszerre t\u00f6bb sz\u00e1z helyen biztos\u00edtotta az elektromos ell\u00e1t\u00e1st. 1909. okt\u00f3ber 31-\u00e9n, a V\u00e1rosh\u00e1za (akkori K\u00f6zs\u00e9gh\u00e1za) avat\u00e1si \u00fcnneps\u00e9g\u00e9vel egy id\u0151ben lett \u00fczembe helyezve. Az \u00e1tad\u00e1son J\u00e1sz-Nagykun-Szolnok v\u00e1rmegye akkori f\u0151isp\u00e1nja Zsad\u00e1nyi \u00e9s T\u00f6r\u00f6kszentmikl\u00f3si dr. gr\u00f3f Alm\u00e1sy Imre a Szenttam\u00e1son lak\u00f3 f\u0151nemes kapcsolta fel \u00fcnnep\u00e9lyes keret k\u00f6zt v\u00e1rosunkban a villanyt.\" (id\u00e9zet <a href=\"http:\/\/www.varosvedo-tmiklos.hu\/ertekek.html\">innen<\/a>)<\/p>\r\n<p>2015. \u00e1prilis 6-i k\u00e9peim:<\/p>\r\n<p><img class=\"size-medium wp-image-74 aligncenter\" src=\"https:\/\/urtelen.cafeblog.hu\/files\/2017\/11\/IMG_8092-225x300.jpg\" alt=\"\" width=\"225\" height=\"300\" \/><\/p>\r\n[caption id=\"attachment_70\" align=\"aligncenter\" width=\"300\"]<img class=\"wp-image-70 size-medium\" src=\"https:\/\/urtelen.cafeblog.hu\/files\/2017\/11\/IMG_8085-300x225.jpg\" alt=\"\" width=\"300\" height=\"225\" \/> \"T\u00e9gla-fel\u00fclj\u00e1r\u00f3\" az \u00fat f\u00f6l\u00f6tt.[\/caption]\r\n<p><img class=\"size-medium wp-image-71 aligncenter\" src=\"https:\/\/urtelen.cafeblog.hu\/files\/2017\/11\/IMG_8086-300x225.jpg\" alt=\"\" width=\"300\" height=\"225\" \/><\/p>\r\n<p><img class=\"size-medium wp-image-78 aligncenter\" src=\"https:\/\/urtelen.cafeblog.hu\/files\/2017\/11\/IMG_8103-300x225.jpg\" alt=\"\" width=\"300\" height=\"225\" \/><\/p>\r\n<p><img class=\"size-medium wp-image-76 aligncenter\" src=\"https:\/\/urtelen.cafeblog.hu\/files\/2017\/11\/IMG_8094-225x300.jpg\" alt=\"\" width=\"225\" height=\"300\" \/><\/p>\r\n[caption id=\"attachment_75\" align=\"aligncenter\" width=\"300\"]<img class=\"wp-image-75 size-medium\" src=\"https:\/\/urtelen.cafeblog.hu\/files\/2017\/11\/IMG_8093-300x225.jpg\" alt=\"\" width=\"300\" height=\"225\" \/> Valahol itt lakhatnak Malacka rokonai.[\/caption]\r\n<p><img class=\"size-medium wp-image-73 aligncenter\" src=\"https:\/\/urtelen.cafeblog.hu\/files\/2017\/11\/IMG_8090-225x300.jpg\" alt=\"\" width=\"225\" height=\"300\" \/><\/p>\r\n<p><img class=\"size-medium wp-image-72 aligncenter\" src=\"https:\/\/urtelen.cafeblog.hu\/files\/2017\/11\/IMG_8089-300x225.jpg\" alt=\"\" width=\"300\" height=\"225\" \/><\/p>\r\n<p><img class=\"size-medium wp-image-80 aligncenter\" src=\"https:\/\/urtelen.cafeblog.hu\/files\/2017\/11\/IMG_8105-225x300.jpg\" alt=\"\" width=\"225\" height=\"300\" \/><\/p>\r\n<p><img class=\"size-medium wp-image-82 aligncenter\" src=\"https:\/\/urtelen.cafeblog.hu\/files\/2017\/11\/IMG_8108-300x225.jpg\" alt=\"\" width=\"300\" height=\"225\" \/><\/p>\r\n[caption id=\"attachment_81\" align=\"aligncenter\" width=\"225\"]<img class=\"wp-image-81 size-medium\" src=\"https:\/\/urtelen.cafeblog.hu\/files\/2017\/11\/IMG_8106-225x300.jpg\" alt=\"\" width=\"225\" height=\"300\" \/> Kicsit-horrorisztikus fot\u00f3, belesve az ablakon.[\/caption]\r\n<p>2017 m\u00e1rcius\u00e1ban pedig \u00fajabb fot\u00f3kat k\u00e9sz\u00edtettem - a k\u00f6vetkez\u0151 volt az egyik, amivel neveztem egy <a href=\"https:\/\/festettladafia.cafeblog.hu\/2017\/04\/09\/pont-jo\/\">fot\u00f3p\u00e1ly\u00e1zatra<\/a>:\u00a0<\/p>\r\n<p><img class=\"size-medium wp-image-83 aligncenter\" src=\"https:\/\/urtelen.cafeblog.hu\/files\/2017\/11\/IMG_0257-225x300.jpg\" alt=\"\" width=\"225\" height=\"300\" \/><\/p>\r\n[caption id=\"attachment_84\" align=\"aligncenter\" width=\"300\"]<img class=\"wp-image-84 size-medium\" src=\"https:\/\/urtelen.cafeblog.hu\/files\/2017\/11\/IMG_0261-300x225.jpg\" alt=\"\" width=\"300\" height=\"225\" \/> Ez a n\u00e9z\u0151pont is hi\u00e1nyzott m\u00e9g ;)[\/caption]\r\n<p>Az \u00e9p\u00fclet ekkor m\u00e1r nem volt elhagyatott. Nem tudom, milyen c\u00e9llal haszn\u00e1lj\u00e1k, de legut\u00f3bb, ahogy arra j\u00e1rtunk, \u00fagy l\u00e1ttam, az \u00e9p\u00fclet \u00e9s a vascs\u0151 k\u00f6z\u00f6tti \"hidat\" elbontott\u00e1k... Rem\u00e9lem, a Cs\u0151 marad! Nekem-nek\u00fcnk mindenk\u00e9pp hi\u00e1nyozna, \u00e9s szerintem ezzel nem vagyunk egyed\u00fcl. (<span style=\"text-decoration: underline\">Sim\u00e1n el tudn\u00e1m k\u00e9pzelni egy \"\u00dcdv\u00f6z\u00f6lj\u00fck T\u00f6r\u00f6kszentmikl\u00f3son!\" felirattal, persze a rozsda nagy r\u00e9sz\u00e9t megtartva!<\/span> ;) - a rozsd\u00e1t csak a <a href=\"https:\/\/festettladafia.cafeblog.hu\/2017\/11\/19\/rogos-uton-21-resz\/\">Bogaramon <\/a>nem b\u00edrom :D )<\/p>\r\n<p>[gallery columns=\"1\" size=\"large\" ids=\"74,70,80,79,72,76,73,77,81,83,84\"]<\/p>","type":"rich","thumbnail_url":"https:\/\/urtelen.cafeblog.hu\/files\/2017\/11\/IMG_8093-150x150.jpg","thumbnail_width":150,"thumbnail_height":150}

Űrtelenségek

Első szerelem

<p>A <a href="https://urtelen.cafeblog.hu/2017/11/16/kezdeti-lendulet/">hinta </a>felkutatása után rögtön vérszemet kaptunk, és dacolva széllel-hideggel (autóval persze könnyű) szétnéztünk még a városban ;)</p>
<p>Utunk azonnal a "téglagyárhoz" vezetett, amit már régóta le szerettem volna fotózni. Az épület a régi Villanytelep (később a Téglagyár kiszolgáló épülete), amely a kelet felől városunkba érkezőket fogadja (és szerintem gyönyörű 😉 ).</p>
<p>Az épület múltjáról néhány érdekesség: "A téglagyár épületeitől délre lévő villanytelepet 1908-1909-ben építették, bár pecsétjén 1908-as évszám látható. Maga a villanytelep a kor emberének nagy-nagy csodálkozására egyszerre több száz helyen biztosította az elektromos ellátást. 1909. október 31-én, a Városháza (akkori Községháza) avatási ünnepségével egy időben lett üzembe helyezve. Az átadáson Jász-Nagykun-Szolnok vármegye akkori főispánja Zsadányi és Törökszentmiklósi dr. gróf Almásy Imre a Szenttamáson lakó főnemes kapcsolta fel ünnepélyes keret közt városunkban a villanyt." (idézet <a href="http://www.varosvedo-tmiklos.hu/ertekek.html">innen</a>)</p>
<p>2015. április 6-i képeim:</p>
<p><img class="size-medium wp-image-74 aligncenter" src="https://urtelen.cafeblog.hu/files/2017/11/IMG_8092-225x300.jpg" alt="" width="225" height="300" /></p>
[caption id="attachment_70" align="aligncenter" width="300"]<img class="wp-image-70 size-medium" src="https://urtelen.cafeblog.hu/files/2017/11/IMG_8085-300x225.jpg" alt="" width="300" height="225" /> "Tégla-felüljáró" az út fölött.[/caption]
<p><img class="size-medium wp-image-71 aligncenter" src="https://urtelen.cafeblog.hu/files/2017/11/IMG_8086-300x225.jpg" alt="" width="300" height="225" /></p>
<p><img class="size-medium wp-image-78 aligncenter" src="https://urtelen.cafeblog.hu/files/2017/11/IMG_8103-300x225.jpg" alt="" width="300" height="225" /></p>
<p><img class="size-medium wp-image-76 aligncenter" src="https://urtelen.cafeblog.hu/files/2017/11/IMG_8094-225x300.jpg" alt="" width="225" height="300" /></p>
[caption id="attachment_75" align="aligncenter" width="300"]<img class="wp-image-75 size-medium" src="https://urtelen.cafeblog.hu/files/2017/11/IMG_8093-300x225.jpg" alt="" width="300" height="225" /> Valahol itt lakhatnak Malacka rokonai.[/caption]
<p><img class="size-medium wp-image-73 aligncenter" src="https://urtelen.cafeblog.hu/files/2017/11/IMG_8090-225x300.jpg" alt="" width="225" height="300" /></p>
<p><img class="size-medium wp-image-72 aligncenter" src="https://urtelen.cafeblog.hu/files/2017/11/IMG_8089-300x225.jpg" alt="" width="300" height="225" /></p>
<p><img class="size-medium wp-image-80 aligncenter" src="https://urtelen.cafeblog.hu/files/2017/11/IMG_8105-225x300.jpg" alt="" width="225" height="300" /></p>
<p><img class="size-medium wp-image-82 aligncenter" src="https://urtelen.cafeblog.hu/files/2017/11/IMG_8108-300x225.jpg" alt="" width="300" height="225" /></p>
[caption id="attachment_81" align="aligncenter" width="225"]<img class="wp-image-81 size-medium" src="https://urtelen.cafeblog.hu/files/2017/11/IMG_8106-225x300.jpg" alt="" width="225" height="300" /> Kicsit-horrorisztikus fotó, belesve az ablakon.[/caption]
<p>2017 márciusában pedig újabb fotókat készítettem - a következő volt az egyik, amivel neveztem egy <a href="https://festettladafia.cafeblog.hu/2017/04/09/pont-jo/">fotópályázatra</a>: </p>
<p><img class="size-medium wp-image-83 aligncenter" src="https://urtelen.cafeblog.hu/files/2017/11/IMG_0257-225x300.jpg" alt="" width="225" height="300" /></p>
[caption id="attachment_84" align="aligncenter" width="300"]<img class="wp-image-84 size-medium" src="https://urtelen.cafeblog.hu/files/2017/11/IMG_0261-300x225.jpg" alt="" width="300" height="225" /> Ez a nézőpont is hiányzott még ;)[/caption]
<p>Az épület ekkor már nem volt elhagyatott. Nem tudom, milyen céllal használják, de legutóbb, ahogy arra jártunk, úgy láttam, az épület és a vascső közötti "hidat" elbontották... Remélem, a Cső marad! Nekem-nekünk mindenképp hiányozna, és szerintem ezzel nem vagyunk egyedül. (<span style="text-decoration: underline">Simán el tudnám képzelni egy "Üdvözöljük Törökszentmiklóson!" felirattal, persze a rozsda nagy részét megtartva!</span> ;) - a rozsdát csak a <a href="https://festettladafia.cafeblog.hu/2017/11/19/rogos-uton-21-resz/">Bogaramon </a>nem bírom :D )</p>
<p>[gallery columns="1" size="large" ids="74,70,80,79,72,76,73,77,81,83,84"]</p>
